{"id":3765,"date":"2019-10-27T10:33:29","date_gmt":"2019-10-27T09:33:29","guid":{"rendered":"https:\/\/katalog.aluteckk.sk\/standardneprofily\/?post_type=product&#038;p=3765"},"modified":"2022-03-31T16:08:07","modified_gmt":"2022-03-31T14:08:07","slug":"hlinikova-trubka-42-x-2","status":"publish","type":"product","link":"https:\/\/katalog.aluteckk.sk\/standardneprofily\/produkt\/hlinikova-trubka-42-x-2\/","title":{"rendered":"Hlin\u00edkov\u00e1 r\u00fara kruhov\u00e1"},"content":{"rendered":"","protected":false},"excerpt":{"rendered":"","protected":false},"featured_media":1322,"template":"","meta":[],"_links":{"self":[{"href":"https:\/\/katalog.aluteckk.sk\/standardneprofily\/wp-json\/wp\/v2\/product\/3765"}],"collection":[{"href":"https:\/\/katalog.aluteckk.sk\/standardneprofily\/wp-json\/wp\/v2\/product"}],"about":[{"href":"https:\/\/katalog.aluteckk.sk\/standardneprofily\/wp-json\/wp\/v2\/types\/product"}],"wp:featuredmedia":[{"embeddable":true,"href":"https:\/\/katalog.aluteckk.sk\/standardneprofily\/wp-json\/wp\/v2\/media\/1322"}],"wp:attachment":[{"href":"https:\/\/katalog.aluteckk.sk\/standardneprofily\/wp-json\/wp\/v2\/media?parent=3765"}],"curies":[{"name":"wp","href":"https:\/\/api.w.org\/{rel}","templated":true}]}}